
What is the highest common factor of 1 and 4?
1
What is the greatest common factor of 5 and 205?
5
What is the highest common factor of 180 and 1674?
18
What is the greatest common divisor of 2340 and 720?
180
What is the highest common divisor of 67 and 4891?
67
Calculate the highest common factor of 163 and 18256.
163
Calculate the greatest common divisor of 238 and 7616.
238
What is the highest common divisor of 9 and 195?
3
Calculate the greatest common factor of 936 and 546.
78
What is the greatest common factor of 15592 and 8?
8
Calculate the highest common factor of 1325 and 1802.
53
What is the highest common factor of 23 and 115?
23
What is the highest common divisor of 112 and 112?
112
What is the highest common divisor of 35 and 287?
7
What is the highest common factor of 3773 and 11?
11
Calculate the greatest common divisor of 60 and 96.
12
Calculate the highest common factor of 522 and 198.
18
What is the greatest common divisor of 21 and 609?
21
What is the highest common factor of 62 and 713?
31
Calculate the greatest common divisor of 28 and 57806.
14
What is the highest common divisor of 207 and 1899?
9
Calculate the greatest common factor of 16 and 18.
2
Calculate the greatest common divisor of 98 and 2926.
14
What is the highest common divisor of 9 and 8811?
9
What is the greatest common divisor of 520 and 364?
52
Calculate the highest common factor of 105 and 1605.
15
Calculate the greatest common divisor of 63 and 27174.
21
What is the greatest common divisor of 8 and 904?
8
Calculate the greatest common factor of 422 and 14559.
211
Calculate the highest common divisor of 21609 and 63.
63
Calculate the highest common divisor of 726 and 78.
6
Calculate the greatest common divisor of 28127 and 33.
11
What is the highest common divisor of 4150 and 100?
50
What is the highest common factor of 324 and 396?
36
What is the greatest common factor of 39 and 669?
3
What is the greatest common divisor of 111 and 49173?
111
Calculate the greatest common divisor of 4 and 124.
4
What is the greatest common factor of 75 and 2685?
15
What is the highest common factor of 2 and 202?
2
Calculate the highest common divisor of 385 and 220.
55
Calculate the highest common divisor of 392 and 98.
98
Calculate the highest common divisor of 222 and 6.
6
Calculate the greatest common factor of 60 and 15.
15
What is the highest common factor of 5 and 565?
5
What is the greatest common factor of 41 and 1927?
41
Calculate the highest common factor of 17947 and 137.
137
Calculate the greatest common factor of 10 and 14.
2
Calculate the greatest common divisor of 246 and 164.
82
What is the highest common divisor of 40 and 480?
40
What is the highest common divisor of 287 and 63?
7
Calculate the highest common factor of 78 and 1911.
39
What is the greatest common divisor of 1634 and 172?
86
Calculate the greatest common divisor of 49 and 1323.
49
Calculate the highest common divisor of 27 and 387.
9
What is the highest common factor of 296 and 8?
8
Calculate the greatest common factor of 55 and 132.
11
What is the highest common factor of 162 and 1242?
54
What is the highest common factor of 19657 and 11?
11
What is the greatest common factor of 960 and 60?
60
What is the greatest common factor of 360 and 45?
45
Calculate the greatest common factor of 60 and 3515.
5
What is the greatest common factor of 45 and 2286?
9
Calculate the highest common factor of 13 and 1625.
13
What is the greatest common factor of 332 and 4?
4
What is the highest common factor of 91 and 208?
13
Calculate the highest common divisor of 4 and 148.
4
Calculate the highest common divisor of 39 and 39.
39
What is the greatest common divisor of 385 and 165?
55
Calculate the greatest common divisor of 36 and 4806.
18
Calculate the greatest common divisor of 80 and 5.
5
What is the highest common factor of 220 and 140?
20
Calculate the greatest common factor of 10 and 635.
5
Calculate the greatest common divisor of 121 and 22.
11
What is the highest common divisor of 3328 and 728?
104
What is the highest common divisor of 177 and 9?
3
Calculate the greatest common factor of 736 and 46.
46
Calculate the greatest common divisor of 945 and 16485.
105
Calculate the greatest common factor of 46 and 12627.
23
Calculate the greatest common divisor of 38 and 6194.
38
Calculate the greatest common factor of 169 and 208.
13
What is the greatest common divisor of 26145 and 35?
35
What is the highest common factor of 2071 and 76?
19
Calculate the highest common factor of 16 and 1744.
16
What is the highest common divisor of 6083 and 693?
77
What is the highest common divisor of 78 and 96?
6
What is the greatest common divisor of 30 and 1845?
15
What is the highest common factor of 8691 and 3?
3
What is the highest common factor of 945 and 42?
21
Calculate the greatest common divisor of 28 and 2779.
7
Calculate the highest common divisor of 1946 and 42.
14
Calculate the highest common factor of 92 and 8.
4
Calculate the greatest common factor of 891 and 264.
33
What is the highest common divisor of 470 and 5?
5
Calculate the greatest common factor of 24 and 192.
24
Calculate the greatest common divisor of 35 and 15.
5
What is the greatest common divisor of 146 and 219?
73
What is the highest common divisor of 840 and 4320?
120
Calculate the highest common divisor of 611 and 13.
13
What is the greatest common factor of 40 and 320?
40
Calculate the greatest common divisor of 69 and 6.
3
What is the highest common factor of 682 and 434?
62
Calculate the greatest common divisor of 20 and 2980.
20
What is the greatest common divisor of 103 and 3296?
103
Calculate the greatest common factor of 2343 and 33.
33
Calculate the greatest common factor of 4578 and 42.
42
What is the greatest common divisor of 510 and 833?
17
Calculate the highest common divisor of 36 and 522.
18
Calculate the greatest common divisor of 124 and 9052.
124
Calculate the highest common factor of 4405 and 5.
5
Calculate the highest common factor of 65 and 5.
5
Calculate the greatest common factor of 538 and 4.
2
What is the highest common factor of 35 and 29540?
35
Calculate the greatest common factor of 3404 and 1184.
148
Calculate the greatest common divisor of 3228 and 12.
12
Calculate the greatest common factor of 364 and 84.
28
What is the highest common factor of 13426 and 98?
98
Calculate the greatest common factor of 273 and 147.
21
Calculate the highest common factor of 448 and 70.
14
What is the greatest common divisor of 75 and 400?
25
Calculate the highest common divisor of 197 and 4.
1
Calculate the greatest common divisor of 1122 and 198.
66
What is the greatest common factor of 32 and 76?
4
What is the highest common divisor of 1320 and 363?
33
Calculate the greatest common divisor of 55 and 517.
11
What is the greatest common divisor of 316 and 8?
4
What is the highest common divisor of 178 and 3916?
178
Calculate the greatest common divisor of 390 and 17862.
78
Calculate the highest common factor of 2177 and 7.
7
Calculate the highest common factor of 459 and 578.
17
Calculate the greatest common divisor of 1593 and 177.
177
Calculate the greatest common divisor of 20 and 170.
10
What is the greatest common factor of 620 and 186?
62
Calculate the greatest common factor of 176 and 792.
88
What is the highest common factor of 9 and 153?
9
What is the highest common factor of 782 and 1462?
34
Calculate the highest common factor of 48 and 142.
2
What is the greatest common factor of 3456 and 27?
27
Calculate the greatest common factor of 6963 and 11.
11
Calculate the greatest common divisor of 16 and 2648.
8
What is the greatest common factor of 32 and 3104?
32
What is the greatest common divisor of 2193 and 43?
43
What is the greatest common factor of 14445 and 642?
321
What is the greatest common divisor of 110 and 10?
10
What is the highest common factor of 1422 and 126?
18
Calculate the greatest common divisor of 47 and 1504.
47
What is the highest common divisor of 2628 and 288?
36
Calculate the highest common divisor of 93 and 1209.
93
Calculate the greatest common divisor of 286 and 143.
143
Calculate the greatest common divisor of 120 and 15.
15
What is the greatest common divisor of 1024 and 4?
4
Calcula